 = f**3 - 2*f**2 - 3*f + 4. Let d = 13 - 6. Let p be (-4 - -2)/(3 - 1). Let l be d/7 - (p + -1). Determine r(l).
4
Suppose 8 + 2 = 5*f. Let c(x) = 3*x**2 - 2 + 2*x**3 + 2*x + f. Calculate c(-2).
-8
Let m be 4/(-14) - 18/(-14). Let i be m/(-2) + (-51)/(-2). Suppose y = 5*g - i, 10 = -4*y - 0*y + 2*g. Let h(w) = -w**3 - w**2 - w + 1. Calculate h(y).
1
Let d be (-3)/1 + (-2 - 3). Let c = d + 8. Let j(s) = 6*s**3 - 3*s**3 - 3 - 2*s**3 + s**2. Give j(c).
-3
Let l(p) = 2*p + 1. Let g(w) = -w**2 + 9*w - 3. Let a be g(9). Let n be 9*a/9*1. What is l(n)?
-5
Suppose 0 = 3*y + u + 51, -3*y + 4*u - 52 = y. Let c = 14 + y. Let p(v) = -3*v**2 - 4*v - 2. Determine p(c).
-6
Let p(s) be the third derivative of s**5/60 - s**4/12 - 5*s**3/6 - 41*s**2. Calculate p(5).
10
Suppose -3*s + 0*s = -15. Suppose 0 = -2*r + 2*t - 6*t - 10, 25 = -s*r - t. Let d(w) = -w**2 - 5*w - 7. What is d(r)?
-7
Suppose -4*o + 3*o = -1. Let j(l) be the third derivative of 1/60*l**5 + 0*l - 1/24*l**4 + 1/6*l**3 + 0 - 2*l**2 - 1/20*l**6. Calculate j(o).
-5
Let m(j) = -4*j**3 - 4*j**2 + 9. Let n(x) = -3*x**3 - 4*x**2 - x + 8. Let y(u) = 4*m(u) - 5*n(u). Determine y(5).
-4
Let a be (-7)/((-42)/(-4))*-21. Let r = a + -8. Let g = -8 + r. Let s(d) = -2*d + 2. Calculate s(g).
6
Suppose -4*q = 1 + 3, -5*x + 5*q = 30. Let s(n) = -n**2 - 8*n + 3. What is s(x)?
10
Let g(d) be the second derivative of 1/2*d**3 + 0 - 6*d - d**2. What is g(5)?
13
Suppose 35 = -2*q - 3*q. Let i(m) = m**3 + 7*m**2 + 1. Determine i(q).
1
Let y(z) be the first derivative of -z**4/4 + 2*z**2 + 3*z - 11. Calculate y(-2).
3
Let a(b) = -b**3 - 2*b**2 - 2*b - 1. Let h be a(-2). Let u(k) = -h - k**2 - 4*k + 2*k + 3. Determine u(-2).
0
Suppose 3*h - o = -4*o, 0 = -5*o - 10. Let s be ((-8)/3)/(h/(-3)). Let r(c) = c**2 - 3*c + 3. What is r(s)?
7
Let b(t) = 9*t**3 + t - 1. Let j = 0 - -6. Suppose -2 = -j*r + 4*r. Give b(r).
9
Let v = -449/3 + 150. Let x(l) be the first derivative of 1/2*l**2 + v*l**3 - l - 5. Give x(-2).
1
Suppose 0 = -6*p - 38 + 8. Let m(c) = -c**3 - 5*c**2 - 2*c - 2. Determine m(p).
8
Let o = 1 - -4. Let m(k) = -6*k. Let r(z) = -5*z. Let g(l) = -4*m(l) + 5*r(l). Let n(p) = p**2 - 6. Let w(q) = -4*g(q) - n(q). Calculate w(o).
1
Let x(n) = n + 6. Let w(h) = -3*h + 5. Let q be w(4). Let p be x(q). Let m(z) = -9*z. Calculate m(p).
9
Let g(s) = 3 + 2*s**2 - s**3 + s - 3*s**2 + 2*s + 2*s**2. Determine g(3).
-6
Let n = -4 + -5. Let w(r) = -r**2 - 9*r + 6. Let b be w(n). Let x(y) = -y + 7. Let q be x(b). Let v(u) = -8*u. Calculate v(q).
-8
Let u(i) be the first derivative of -i**3/3 - 4*i**2 - 9*i + 6. Give u(-6).
3
Let i(h) = h + 2. Let t(w) be the first derivative of w**2 + 6*w + 3. Let u(b) = 8*i(b) - 3*t(b). Calculate u(-2).
-6
Let t(k) be the third derivative of k**7/420 + k**5/120 - k**3/2 + 2*k**2. Let m(n) be the first derivative of t(n). Give m(1).
3
Let q(x) = -x + 7. Suppose 14 = 2*b - 4*d, -4*d = -7*d + 12. Let p be (0 - 0)/(13 - b). Give q(p).
7
Let f(k) = -2*k - 18. Let t(i) = i + 9. Let v be (-25)/10 - 2/4. Let n(a) = v*f(a) - 5*t(a). Determine n(-7).
2
Let k = -26 - -20. Let g(r) = -r**2 - 3*r + 7. Calculate g(k).
-11
Suppose 0 = -8*u + 10*u + 4. Let s(x) = 2*x + 3. Give s(u).
-1
Let o = 18 + -12. Let w(f) be the third derivative of -f**5/60 + f**4/3 - 3*f**3/2 + f**2. Give w(o).
3
Let g(i) = -3*i**2 + 12*i + 4. Let y(a) be the second derivative of 0 + 1/2*a**2 - 1/12*a**4 + a + 2/3*a**3. Let t(c) = 2*g(c) - 7*y(c). Give t(4).
1
Let l(y) = y**2 - 52*y + 51*y - 6*y**2 - 1. Determine l(-2).
-19
Let z(o) = -6*o + 3. Let x be (16/10)/((-2)/(-5)). Suppose -u = -3*u + x. Give z(u).
-9
Let z be 0*(0/(-4) + 1). Let u(y) be the third derivative of z*y + 2*y**2 + 1/2*y**3 - 1/15*y**5 + 0 + 0*y**4 + 1/120*y**6. Calculate u(3).
-6
Let i(v) = v - 6. Suppose -p = -1, 7 = 2*b - 0*p + p. Suppose -4*n = n - 4*r - 53, n - 15 = b*r. Let s be i(n). Let m(a) = -2*a**2 + 3*a + 3. Calculate m(s).
-6
Let c(z) = -4*z + 3. Let q(k) = -5*k + 3. Let m(v) = -4*c(v) + 3*q(v). Calculate m(0).
-3
Let l = -1 - -6. Let q(t) = -l*t - 3 - 4*t + 8*t - 1. Calculate q(-3).
-1
Let l(g) = g + 6. Let p = 2 + -7. Calculate l(p).
1
Let v(l) = l**3 - 5*l**2 - 3. Let z be -3*(-3)/18 - (-36)/8. Calculate v(z).
-3
Let t(p) = p + 3. Let h(c) = c + 2. Let x(y) = -6*h(y) + 5*t(y). Determine x(10).
-7
Let p be 32/12*(-3)/(-2). Let n(q) = 11*q + 2. Let y(r) be the second derivative of -5*r**3/6 - r**2/2 + 2*r. Let a(j) = 6*n(j) + 13*y(j). What is a(p)?
3
Let b = -30 + 33. Let p(y) = y**2 - 1. Let z(k) = k**2 - k. Let i(t) = 3*p(t) - 4*z(t). What is i(b)?
0
Let c(f) be the third derivative of -f**6/120 - 7*f**5/60 - f**4/4 + f**3/2 - f**2. Suppose -4*g = 5*s + 26, -16 = 3*s - 2*g + 4*g. Determine c(s).
3
Let n(v) = v + 7. Suppose 2 = l + y + 8, 4*l - 4*y = -8. Let r be n(l). Let a(s) = -1 - 5 - r - s. Determine a(-5).
-4
Let w(a) = a**2 - 3. Let p(h) = -h**2. Let q be p(0). Let g be (-1 - -1)*(q - 1). Determine w(g).
-3
Suppose -16*j + 18*j = -6. Let r(x) = -x**2 - x + 3. Give r(j).
-3
Let i(w) = 0*w + 5*w - 2 - w**2 + 0*w**2. Suppose -r + 5*l = -2*r + 3, 0 = -5*r + 4*l - 14. Let k be 3 - 1*(r + 0). Determine i(k).
-2
Let l(w) = w**2 - 2. Suppose 4*a = p - a - 15, 3*a = 5*p - 9. Let x be l(p). Let s(m) = 3*m + 1. What is s(x)?
-5
Let k(b) = b**2 - 4*b + 4. Let o be (-2)/(-1) + 6/3. Let v = o + -3. Let q be (v - 2)/((-1)/3). Determine k(q).
1
Let j(c) = -7*c**3 + 7*c**2 + 9*c. Let v(u) = u**3 - u**2 - u. Let o(p) = j(p) + 6*v(p). What is o(3)?
-9
Let y(p) = 31 - p + 2*p - 18. Determine y(-6).
7
Let h(y) = -2*y - 2*y**2 + 5*y + 0*y - 2. Calculate h(3).
-11
Let w(p) = -p**2 + p + 2. Let i(r) = -r + 3. Let l be i(-9). Suppose -7*s = -4*s - l. Give w(s).
-10
Let t(s) = -4*s - 2. Let f be t(-3). Let i(o) = f + 2 - 2*o - 5. Let w = 17 + -12. What is i(w)?
-3
Let r(m) = -m**3 + m**2 - 11*m + 1. Let c(a) = -a**2 + a - 1. Let p(k) = -6*c(k) - r(k). Calculate p(-4).
1
Suppose 4*c + 15 = z - 6*z, 2*c - 15 = 5*z. Let d(n) = -n**3 - 4*n**2 + 3*n + 4. Give d(z).
-14
Let q(u) be the first derivative of u**7/840 - u**6/120 + u**5/120 + u**4/8 + 3*u**3 - 2. Let d(x) be the third derivative of q(x). Determine d(3).
6
Suppose 5*o = -5*m + 15, 4*m - 3*m + 4*o + 3 = 0. Let u = 8 - 6. Let p(x) = 0*x + 0*x**2 - 4*x**2 + 5*x**u + 1 - 5*x. What is p(m)?
1
Let v = -5 + 5. Suppose 4*m - n + 63 = v, -m + 0*n - n - 12 = 0. Let k be 3*(2 + m/9). Let s(t) = -8*t - 1. Calculate s(k).
-9
Let w(r) = 14*r**3 + 5*r - 7 - 15*r**3 - 8*r**2 - 13*r. What is w(-7)?
0
Let y(j) = -5*j**3 + 12*j**2 + j - 7. Let l(s) = 14*s**3 - 35*s**2 - 2*s + 20. Let r(f) = -6*l(f) - 17*y(f). What is r(-7)?
-15
Let l(j) = j**2 + 8*j - 4. Let d(b) = b**3 + 16*b**2 + 16*b + 10. Let p be d(-15). Determine l(p).
-19
Let l(c) = -c**3 + c**2. Suppose 14*q - 12 = 11*q. Suppose -12 = -4*g - 4*d, 2*g - q = -2*g + 4*d. Give l(g).
-4
Let r(s) = s - 1. Suppose 3*b = 10 + 8. Let u be (-1 - b/4)*-2. Give r(u).
4
Let i(n) = 4*n**2 - 7. Let c(u) = u**2 + u - 1. Let s(z) = 5*c(z) - i(z). Determine s(-2).
-4
Suppose 3*h + 0*h - 6 = 0. Let j(i) = -h - 4 - 3 - i. Let t be ((-9)/5 - -3)/((-18)/60). Calculate j(t).
-5
Let k(v) = -4*v + 11. Let z(q) = -q. Let p(c) = -k(c) + 3*z(c). Determine p(0).
-11
Suppose 0*u = u. Let f(h) = -5 - 5 + 5 + 4*h - 3*h + h**2. Determine f(u).
-5
Let g(t) = -t**3 - 2*t**2 + t - 2. Suppose n + 3*a - 7 = 2*a, 4*a - 18 = n. Suppose -2*d + d = -2*y - 7, -2*y - n*d + 2 = 0. Determine g(y).
-4
Let r(c) = -2*c**2 - 3*c + 2. Suppose 0 = x - 4*y + 3*y - 5, -2*x = -3*y - 14. Let j(d) = -d**3 - d - 1. Let z(g) = x*j(g) - r(g). Calculate z(3).
-6
Let l(g) = 3*g + 5. Let c be 3 - (-3 - (-5)/1). Let d be ((0 - c) + 2)/(-1). Let b(o) = o**2 - o - 1. Let m(q) = d*b(q) + l(q). Give m(6).
-6
Let r(o) = 5*o - 8. Let m(g) = 11*g - 17. Let i(p) = 4*m(p) - 9*r(p). Let l(k) = k**2 - 4*k - 12. Let n be l(6). Determine i(n).
4
Let h(d) = 13*d + 1. Let c be 1*-2*(1 + -3). Suppose 3*o + c - 1 = 0. Determine h(o).
-12
Let w(z) = -z + 2. Let v(k) = k**2 - 2*k - 3. Let f be v(3). Let q be -2 + f - (-5 - -1). Calculate w(q).
0
Let y be (20/(-8))/(1/(-2)). Let f(i) = 5 + y*i**2 + 0*i**3 - 3 - 2*i**3 - i + 3*i**3. Determine f(-5).
7
Let x(b) be the third derivative of 2*b**2 - 1/12*b**4 + 0*b + 7/6*b**3 + 0. Determine x(6).
-5
Let t(p)